{"version":"1.0","provider_name":"MPC","provider_url":"https:\/\/mp-c.eu\/agence","author_name":"MPCadm","author_url":"https:\/\/mp-c.eu\/agence\/author\/mpcadm\/","title":"56% des Fran\u00e7ais font confiance aux associations - MPC","type":"rich","width":600,"height":338,"html":"<blockquote class=\"wp-embedded-content\" data-secret=\"P3x9WEY7LE\"><a href=\"https:\/\/mp-c.eu\/agence\/56-des-francais-font-confiance-aux-associations\/\">56% des Fran\u00e7ais font confiance aux associations<\/a><\/blockquote><iframe sandbox=\"allow-scripts\" security=\"restricted\" src=\"https:\/\/mp-c.eu\/agence\/56-des-francais-font-confiance-aux-associations\/embed\/#?secret=P3x9WEY7LE\" width=\"600\" height=\"338\" title=\"\u00ab\u00a056% des Fran\u00e7ais font confiance aux associations\u00a0\u00bb &#8212; MPC\" data-secret=\"P3x9WEY7LE\" frameborder=\"0\" marginwidth=\"0\" marginheight=\"0\" scrolling=\"no\" class=\"wp-embedded-content\"><\/iframe><script type=\"text\/javascript\">\n\/* <![CDATA[ *\/\n\/*! This file is auto-generated *\/\n!function(d,l){\"use strict\";l.querySelector&&d.addEventListener&&\"undefined\"!=typeof URL&&(d.wp=d.wp||{},d.wp.receiveEmbedMessage||(d.wp.receiveEmbedMessage=function(e){var t=e.data;if((t||t.secret||t.message||t.value)&&!\/[^a-zA-Z0-9]\/.test(t.secret)){for(var s,r,n,a=l.querySelectorAll('iframe[data-secret=\"'+t.secret+'\"]'),o=l.querySelectorAll('blockquote[data-secret=\"'+t.secret+'\"]'),c=new RegExp(\"^https?:$\",\"i\"),i=0;i<o.length;i++)o[i].style.display=\"none\";for(i=0;i<a.length;i++)s=a[i],e.source===s.contentWindow&&(s.removeAttribute(\"style\"),\"height\"===t.message?(1e3<(r=parseInt(t.value,10))?r=1e3:~~r<200&&(r=200),s.height=r):\"link\"===t.message&&(r=new URL(s.getAttribute(\"src\")),n=new URL(t.value),c.test(n.protocol))&&n.host===r.host&&l.activeElement===s&&(d.top.location.href=t.value))}},d.addEventListener(\"message\",d.wp.receiveEmbedMessage,!1),l.addEventListener(\"DOMContentLoaded\",function(){for(var e,t,s=l.querySelectorAll(\"iframe.wp-embedded-content\"),r=0;r<s.length;r++)(t=(e=s[r]).getAttribute(\"data-secret\"))||(t=Math.random().toString(36).substring(2,12),e.src+=\"#?secret=\"+t,e.setAttribute(\"data-secret\",t)),e.contentWindow.postMessage({message:\"ready\",secret:t},\"*\")},!1)))}(window,document);\n\/* ]]> *\/\n<\/script>\n","thumbnail_url":"https:\/\/mp-c.eu\/agence\/wp-content\/uploads\/2015\/10\/monde_associatif-e1452170980164.jpg","thumbnail_width":400,"thumbnail_height":267,"description":"A l\u2019heure o\u00f9 des milliers de r\u00e9fugi\u00e9s affluent dans toute l\u2019Europe, la mobilisation des associations et fondations pour la prise en charge des missions de caract\u00e8re soci\u00e9tal est plus que jamais d\u2019actualit\u00e9. Dans un environnement marqu\u00e9 par le doute, les enseignements de cette 8\u00e8me \u00e9dition sont d\u2019autant plus int\u00e9ressants : Pr\u00e8s d\u20191 Fran\u00e7ais sur 2 [&hellip;]"}

56% des Français font confiance aux associations - MPC

<blockquote class="wp-embedded-content" data-secret="P3x9WEY7LE"><a href="https://mp-c.eu/agence/56-des-francais-font-confiance-aux-associations/">56% des Français font confiance aux associations</a></blockquote><iframe sandbox="allow-scripts" security="restricted" src="https://mp-c.eu/agence/56-des-francais-font-confiance-aux-associations/embed/#?secret=P3x9WEY7LE" width="600" height="338" title="« 56% des Français font confiance aux associations » &#8212; MPC" data-secret="P3x9WEY7LE" frameborder="0" marginwidth="0" marginheight="0" scrolling="no" class="wp-embedded-content"></iframe><script type="text/javascript">
/* <![CDATA[ */
/*! This file is auto-generated */
!function(d,l){"use strict";l.querySelector&&d.addEventListener&&"undefined"!=typeof URL&&(d.wp=d.wp||{},d.wp.receiveEmbedMessage||(d.wp.receiveEmbedMessage=function(e){var t=e.data;if((t||t.secret||t.message||t.value)&&!/[^a-zA-Z0-9]/.test(t.secret)){for(var s,r,n,a=l.querySelectorAll('iframe[data-secret="'+t.secret+'"]'),o=l.querySelectorAll('blockquote[data-secret="'+t.secret+'"]'),c=new RegExp("^https?:$","i"),i=0;i<o.length;i++)o[i].style.display="none";for(i=0;i<a.length;i++)s=a[i],e.source===s.contentWindow&&(s.removeAttribute("style"),"height"===t.message?(1e3<(r=parseInt(t.value,10))?r=1e3:~~r<200&&(r=200),s.height=r):"link"===t.message&&(r=new URL(s.getAttribute("src")),n=new URL(t.value),c.test(n.protocol))&&n.host===r.host&&l.activeElement===s&&(d.top.location.href=t.value))}},d.addEventListener("message",d.wp.receiveEmbedMessage,!1),l.addEventListener("DOMContentLoaded",function(){for(var e,t,s=l.querySelectorAll("iframe.wp-embedded-content"),r=0;r<s.length;r++)(t=(e=s[r]).getAttribute("data-secret"))||(t=Math.random().toString(36).substring(2,12),e.src+="#?secret="+t,e.setAttribute("data-secret",t)),e.contentWindow.postMessage({message:"ready",secret:t},"*")},!1)))}(window,document);
/* ]]> */
</script>

A l’heure où des milliers de réfugiés affluent dans toute l’Europe, la mobilisation des associations et fondations pour la prise en charge des missions de caractère sociétal est plus que jamais d’actualité. Dans un environnement marqué par le doute, les enseignements de cette 8ème édition sont d’autant plus intéressants : Près d’1 Français sur 2 [&hellip;]
