{"id":5423,"date":"2024-12-08T02:02:04","date_gmt":"2024-12-08T01:02:04","guid":{"rendered":"https:\/\/mp-c.eu\/agence\/?page_id=5423"},"modified":"2026-01-08T18:43:16","modified_gmt":"2026-01-08T17:43:16","slug":"publications","status":"publish","type":"page","link":"https:\/\/mp-c.eu\/agence\/publications\/","title":{"rendered":"Publications"},"content":{"rendered":"<p>[et_pb_section fb_built=\u00a0\u00bb1&Prime; admin_label=\u00a0\u00bbHeader\u00a0\u00bb _builder_version=\u00a0\u00bb4.25.2&Prime; _module_preset=\u00a0\u00bb1121bb6f-8449-426d-9797-534e199104a9&Prime; collapsed=\u00a0\u00bboff\u00a0\u00bb global_colors_info=\u00a0\u00bb{}\u00a0\u00bb][et_pb_row _builder_version=\u00a0\u00bb4.27.4&Prime; _module_preset=\u00a0\u00bbdefault\u00a0\u00bb global_colors_info=\u00a0\u00bb{}\u00a0\u00bb][et_pb_column type=\u00a0\u00bb4_4&Prime; _builder_version=\u00a0\u00bb4.27.4&Prime; _module_preset=\u00a0\u00bbfe0cc43a-b598-451f-aca4-00edffd80d91&Prime; border_width_bottom=\u00a0\u00bb2px\u00a0\u00bb border_color_bottom=\u00a0\u00bb#F99D0C\u00a0\u00bb global_colors_info=\u00a0\u00bb{}\u00a0\u00bb][et_pb_post_title meta=\u00a0\u00bboff\u00a0\u00bb _builder_version=\u00a0\u00bb4.27.4&Prime; _module_preset=\u00a0\u00bbdf1cc3d2-95a9-4a30-bb8f-d34d6444297c\u00a0\u00bb title_font=\u00a0\u00bb&#8211;et_global_heading_font||||||||\u00a0\u00bb title_text_align=\u00a0\u00bbleft\u00a0\u00bb title_font_size=\u00a0\u00bb70px\u00a0\u00bb background_color=\u00a0\u00bbRGBA(255,255,255,0)\u00a0\u00bb global_colors_info=\u00a0\u00bb{}\u00a0\u00bb][\/et_pb_post_title][et_pb_text _builder_version=\u00a0\u00bb4.27.4&Prime; _module_preset=\u00a0\u00bb93e45649-3835-4185-9b87-2853f824f705&Prime; text_font=\u00a0\u00bb&#8211;et_global_body_font||||||||\u00a0\u00bb custom_padding=\u00a0\u00bb1px||2px|||\u00a0\u00bb global_colors_info=\u00a0\u00bb{}\u00a0\u00bb]<\/p>\n<p>Retrouvez ici toutes les mentions, les articles et les chroniques dans lesquelles l&rsquo;agence, sa fondatrice, ses collaborateurs ou collaboratrices sont cit\u00e9es.<\/p>\n<p>[\/et_pb_text][\/et_pb_column][\/et_pb_row][et_pb_row use_custom_gutter=\u00a0\u00bbon\u00a0\u00bb gutter_width=\u00a0\u00bb3&Prime; make_equal=\u00a0\u00bbon\u00a0\u00bb _builder_version=\u00a0\u00bb4.27.2&Prime; _module_preset=\u00a0\u00bbdefault\u00a0\u00bb custom_padding=\u00a0\u00bb0px||||false|false\u00a0\u00bb locked=\u00a0\u00bboff\u00a0\u00bb global_colors_info=\u00a0\u00bb{}\u00a0\u00bb][et_pb_column type=\u00a0\u00bb4_4&Prime; _builder_version=\u00a0\u00bb4.22.0&Prime; _module_preset=\u00a0\u00bbfe0cc43a-b598-451f-aca4-00edffd80d91&Prime; global_colors_info=\u00a0\u00bb{}\u00a0\u00bb][et_pb_heading title=\u00a0\u00bbLes articles\u00a0\u00bb _builder_version=\u00a0\u00bb4.27.4&Prime; _module_preset=\u00a0\u00bb109f0316-079d-4beb-8de7-2cf908c37fd9&Prime; title_level=\u00a0\u00bbh3&Prime; global_colors_info=\u00a0\u00bb{}\u00a0\u00bb][\/et_pb_heading][et_pb_text _builder_version=\u00a0\u00bb4.27.4&Prime; _module_preset=\u00a0\u00bb93e45649-3835-4185-9b87-2853f824f705&Prime; width=\u00a0\u00bb80%\u00a0\u00bb module_alignment=\u00a0\u00bbcenter\u00a0\u00bb custom_padding=\u00a0\u00bb0px|||||\u00a0\u00bb border_width_bottom=\u00a0\u00bb2px\u00a0\u00bb border_color_bottom=\u00a0\u00bb#F99D0C\u00a0\u00bb global_colors_info=\u00a0\u00bb{}\u00a0\u00bb]<\/p>\n<ul>\n<li style=\"font-weight: 400;\" aria-level=\"2\">Lantou Onirina :\u00a0 cliquez ici<\/li>\n<li style=\"font-weight: 400;\" aria-level=\"2\">Lors de la promotion du groupe de KPOP Big Ocean \u00e0 l&rsquo;INJS : <a href=\"https:\/\/informations.handicap.fr\/a-dans-les-coulisses-d-un-clip-de-k-pop-pour-malentendants-37453.php\">ici<\/a><span style=\"font-weight: 400;\"><\/span><\/li>\n<li style=\"font-weight: 400;\" aria-level=\"2\"><span style=\"font-weight: 400;\">D\u00e9couvrir son psychoportrait et se r\u00e9v\u00e9ler : <\/span><a href=\"http:\/\/www.tepaseul-magazine.fr\/decouvrir-son-psycho-portrait-symbolique-et-se-reveler\/\" target=\"_blank\" rel=\"noopener\"><span style=\"font-weight: 400;\">cliquez ici<\/span><\/a><\/li>\n<li style=\"font-weight: 400;\" aria-level=\"2\"><span style=\"font-weight: 400;\">Portrait du mois : cliquez <\/span><a href=\"http:\/\/www.tepaseul-magazine.fr\/portrait-du-mois-m-p-medouga\/\" target=\"_blank\" rel=\"noopener\"><span style=\"font-weight: 400;\">l\u00e0\u00a0<\/span><\/a><\/li>\n<li><span style=\"font-weight: 400;\">Action commerciale :\u00a0<\/span><a href=\"http:\/\/www.actionco.fr\/thematique\/manager-1020\/formation-10093\/Breves\/Formation-commerciale-s-ameliorer-en-ecoutant-ses-vendeurs-53803.htm\" target=\"_blank\" rel=\"noopener\"><span style=\"font-weight: 400;\">s\u2019am\u00e9liorer en \u00e9coutant ses vendeurs<\/span><\/a><span style=\"font-weight: 400;\"><\/span><\/li>\n<\/ul>\n<p>[\/et_pb_text][\/et_pb_column][\/et_pb_row][et_pb_row use_custom_gutter=\u00a0\u00bbon\u00a0\u00bb gutter_width=\u00a0\u00bb3&Prime; make_equal=\u00a0\u00bbon\u00a0\u00bb _builder_version=\u00a0\u00bb4.27.2&Prime; _module_preset=\u00a0\u00bbdefault\u00a0\u00bb custom_padding=\u00a0\u00bb0px||||false|false\u00a0\u00bb locked=\u00a0\u00bboff\u00a0\u00bb global_colors_info=\u00a0\u00bb{}\u00a0\u00bb][et_pb_column type=\u00a0\u00bb4_4&Prime; _builder_version=\u00a0\u00bb4.22.0&Prime; _module_preset=\u00a0\u00bbfe0cc43a-b598-451f-aca4-00edffd80d91&Prime; global_colors_info=\u00a0\u00bb{}\u00a0\u00bb][et_pb_heading title=\u00a0\u00bbLa coach\/accompagnatrice\u00a0\u00bb _builder_version=\u00a0\u00bb4.27.4&Prime; _module_preset=\u00a0\u00bb109f0316-079d-4beb-8de7-2cf908c37fd9&Prime; title_level=\u00a0\u00bbh3&Prime; global_colors_info=\u00a0\u00bb{}\u00a0\u00bb][\/et_pb_heading][et_pb_text _builder_version=\u00a0\u00bb4.27.4&Prime; _module_preset=\u00a0\u00bb93e45649-3835-4185-9b87-2853f824f705&Prime; width=\u00a0\u00bb80%\u00a0\u00bb module_alignment=\u00a0\u00bbcenter\u00a0\u00bb border_width_bottom=\u00a0\u00bb2px\u00a0\u00bb border_color_bottom=\u00a0\u00bb#F99D0C\u00a0\u00bb global_colors_info=\u00a0\u00bb{}\u00a0\u00bb]<\/p>\n<ul>\n<li style=\"font-weight: 400;\" aria-level=\"2\"><span style=\"font-weight: 400;\">L\u2019\u00e9coute active :\u00a0<\/span><a href=\"http:\/\/www.blog-pour-emploi.com\/2015\/04\/16\/ecoute-active-peu-naturelle-mais-tellement-utile\/\" target=\"_blank\" rel=\"noopener\"><span style=\"font-weight: 400;\">le Blog Pour l\u2019Emploi<\/span><\/a><\/li>\n<li style=\"font-weight: 400;\" aria-level=\"2\"><span style=\"font-weight: 400;\">Carri\u00e8re :\u00a0<\/span><a href=\"http:\/\/www.blog-pour-emploi.com\/2015\/03\/12\/senior-et-mur-pour-l-independance\/\" target=\"_blank\" rel=\"noopener\"><span style=\"font-weight: 400;\">Senior et m\u00fbr pour l\u2019ind\u00e9pendance<\/span><\/a><span style=\"font-weight: 400;\">?<\/span><\/li>\n<li style=\"font-weight: 400;\" aria-level=\"2\"><span style=\"font-weight: 400;\">Bluffant : <a href=\"https:\/\/www.linkedin.com\/pulse\/psycho-portrait-du-communicant-daujourdhui-cyndie-bettant\/\" target=\"_blank\" rel=\"noopener\">Psycho-portrait du communicant d&rsquo;aujourdhui<\/a><\/span><\/li>\n<\/ul>\n<p>[\/et_pb_text][\/et_pb_column][\/et_pb_row][et_pb_row use_custom_gutter=\u00a0\u00bbon\u00a0\u00bb gutter_width=\u00a0\u00bb3&Prime; make_equal=\u00a0\u00bbon\u00a0\u00bb _builder_version=\u00a0\u00bb4.27.2&Prime; _module_preset=\u00a0\u00bbdefault\u00a0\u00bb custom_padding=\u00a0\u00bb0px||||false|false\u00a0\u00bb locked=\u00a0\u00bboff\u00a0\u00bb global_colors_info=\u00a0\u00bb{}\u00a0\u00bb][et_pb_column type=\u00a0\u00bb4_4&Prime; _builder_version=\u00a0\u00bb4.22.0&Prime; _module_preset=\u00a0\u00bbfe0cc43a-b598-451f-aca4-00edffd80d91&Prime; global_colors_info=\u00a0\u00bb{}\u00a0\u00bb][et_pb_heading title=\u00a0\u00bbDans le secteur des RP\u00a0\u00bb _builder_version=\u00a0\u00bb4.27.4&Prime; _module_preset=\u00a0\u00bb109f0316-079d-4beb-8de7-2cf908c37fd9&Prime; title_level=\u00a0\u00bbh3&Prime; title_text_align=\u00a0\u00bbleft\u00a0\u00bb custom_padding=\u00a0\u00bb|||0px||\u00a0\u00bb global_colors_info=\u00a0\u00bb{}\u00a0\u00bb][\/et_pb_heading][et_pb_text _builder_version=\u00a0\u00bb4.27.4&Prime; _module_preset=\u00a0\u00bb93e45649-3835-4185-9b87-2853f824f705&Prime; width=\u00a0\u00bb80%\u00a0\u00bb module_alignment=\u00a0\u00bbcenter\u00a0\u00bb border_width_bottom=\u00a0\u00bb2px\u00a0\u00bb border_color_bottom=\u00a0\u00bb#F99D0C\u00a0\u00bb global_colors_info=\u00a0\u00bb{}\u00a0\u00bb]<\/p>\n<ul>\n<li style=\"font-weight: 400;\" aria-level=\"2\">\u00a0Paroles d&rsquo;experts : les fake news et les RP :\u00a0 lire ici<span style=\"font-weight: 400;\"><\/span><\/li>\n<li style=\"font-weight: 400;\" aria-level=\"2\"><span style=\"font-weight: 400;\">Elle a \u00e9t\u00e9 cit\u00e9e parmi les 100 professionnels de la communication : \u00ab\u00a0Culture RP Cross Gen\u00a0\u00bb en 2023 de Marc Michels et Cyndie Bettant.<\/span><\/li>\n<\/ul>\n<ul>\n<li style=\"font-weight: 400;\" aria-level=\"1\"><span style=\"font-weight: 400;\">Embargo et exclusivit\u00e9, deux strat\u00e9gies de communication efficaces ou \u00e0 haut risques ? (2015) <\/span>\u00a0<a href=\"https:\/\/www.culture-rp.com\/strategie-dinfluence\/embargo-et-exclusivite-deux-strategies-de-communication-efficaces-ou-a-haut-risques\/\" target=\"_blank\" rel=\"noopener\">Lire ici<\/a><\/li>\n<\/ul>\n<ul>\n<li aria-level=\"1\">Le Social Media Management &amp; RP 2.0 sont-ils compatibles avec le journalisme ? <a href=\"https:\/\/www.culture-rp.com\/relations-presse-medias\/le-social-media-management-rp-2-0-sont-ils-compatibles-avec-le-journalisme\/\">Lire par ici<\/a><\/li>\n<\/ul>\n<ul>\n<li aria-level=\"1\">Culture RP Cross Gen\u2019, retour d\u2019experte Marie-Pierre Medouga &#8211; 2023 <a href=\"https:\/\/www.culture-rp.com\/relations-presse-medias\/culture-rp-cross-gen-retour-dexperte-marie-pierre-medouga\/\">Lire ici<\/a><\/li>\n<\/ul>\n<ul>\n<li aria-level=\"1\">\u00ab Ne croyez pas au PR No\u00ebl \u00bb ! (2012)\u00a0 <a href=\"https:\/\/www.culture-rp.com\/relations-presse-medias\/ne-croyez-pas-au-pr-noel\/\">Lire l\u00e0<\/a><b>\u00a0<\/b><\/li>\n<\/ul>\n<ul>\n<li aria-level=\"1\">RGPD le guide pratique : Anne Laure Ligaudan \u2013 Postface\u00a0 editions Ems<\/li>\n<\/ul>\n<ul>\n<li><b><\/b>D\u00e9pass\u00e9es les RP\u00a0: <a href=\"https:\/\/www.linkedin.com\/pulse\/d%C3%A9pass%C3%A9es-les-rp-marie-pierre-medouga-ndjikessi\/\">Lire par l\u00e0<\/a><\/li>\n<li>Marc Michels : 2026\u00a0 <a href=\"https:\/\/www.marc-michiels.com\/partnerships\/\">lire<\/a><\/li>\n<\/ul>\n<p>[\/et_pb_text][\/et_pb_column][\/et_pb_row][et_pb_row use_custom_gutter=\u00a0\u00bbon\u00a0\u00bb gutter_width=\u00a0\u00bb3&Prime; make_equal=\u00a0\u00bbon\u00a0\u00bb _builder_version=\u00a0\u00bb4.27.2&Prime; _module_preset=\u00a0\u00bbdefault\u00a0\u00bb custom_padding=\u00a0\u00bb0px||||false|false\u00a0\u00bb locked=\u00a0\u00bboff\u00a0\u00bb global_colors_info=\u00a0\u00bb{}\u00a0\u00bb][et_pb_column type=\u00a0\u00bb4_4&Prime; _builder_version=\u00a0\u00bb4.22.0&Prime; _module_preset=\u00a0\u00bbfe0cc43a-b598-451f-aca4-00edffd80d91&Prime; global_colors_info=\u00a0\u00bb{}\u00a0\u00bb][et_pb_heading title=\u00a0\u00bbLes m\u00e9dias\u00a0\u00bb _builder_version=\u00a0\u00bb4.27.4&Prime; _module_preset=\u00a0\u00bb109f0316-079d-4beb-8de7-2cf908c37fd9&Prime; title_level=\u00a0\u00bbh3&Prime; global_colors_info=\u00a0\u00bb{}\u00a0\u00bb][\/et_pb_heading][et_pb_text _builder_version=\u00a0\u00bb4.27.4&Prime; _module_preset=\u00a0\u00bb93e45649-3835-4185-9b87-2853f824f705&Prime; width=\u00a0\u00bb80%\u00a0\u00bb module_alignment=\u00a0\u00bbcenter\u00a0\u00bb border_width_bottom=\u00a0\u00bb2px\u00a0\u00bb border_color_bottom=\u00a0\u00bb#F99D0C\u00a0\u00bb global_colors_info=\u00a0\u00bb{}\u00a0\u00bb]<\/p>\n<ul>\n<li>\u00ab\u00a0Coach de vie\u00a0\u00bb a \u00e9t\u00e9 une \u00e9mission hebdomadaire qui a dur\u00e9 cinq ann\u00e9es, de 2017 \u00e0 2022,\u00a0 sur le site de Troc radio puis sur la chaine de Francine Broka .<br \/>Vous pouvez retrouver quelques \u00e9missions ici :\u00a0<a href=\"https:\/\/www.youtube.com\/@simplementbroka5373\/streams\" target=\"_blank\" rel=\"noopener\"><b> Youtube<\/b><\/a><\/li>\n<\/ul>\n<ul>\n<li>Sophie Gorion a fait une \u00e9mission sur le corps des femmes. Elle a invit\u00e9 quelques internautes et twittos \u00e0 s&rsquo;exprimer .<br \/>Je l&rsquo;ai fait \u00e0 propos de ma voix : <a href=\"https:\/\/soundcloud.com\/corpsetame\/episode-4-invitee-marie-pierre-medouga-trouver-sa-voix\" target=\"_blank\" rel=\"noopener\"><strong>soundcloud<\/strong><\/a><\/li>\n<\/ul>\n<ul>\n<li>En tant que Pr\u00e9sidente et Responsable de la communication des Rivi\u00e8res Sauvages, j&rsquo;ai \u00e9t\u00e9 amen\u00e9e \u00e0 m&rsquo;exprimer sur nos actions .<strong>je pense donc j\u2019agis : <a href=\"https:\/\/www.rcf.fr\/economie-et-societe\/je-pense-donc-jagis?episode=152426&amp;page=54\" target=\"_blank\" rel=\"noopener\">RCF<\/a><\/strong><\/li>\n<\/ul>\n<ul>\n<li>Sur les chaines de t\u00e9l\u00e9vision r\u00e9gionales ou nationales : <a href=\"https:\/\/www.youtube.com\/watch?v=yfmLSpAtTHQ\" target=\"_blank\" rel=\"noopener\">France 3 Aquitaine<\/a><\/li>\n<\/ul>\n<ul>\n<li>Interview\u00e9e par Handicap.fr pour la promotion d&rsquo;un groupe de K-pop compos\u00e9 de 3 artistes malentendants : <a href=\"https:\/\/informations.handicap.fr\/a-dans-les-coulisses-d-un-clip-de-k-pop-pour-malentendants-37453.php\/true\" target=\"_blank\" rel=\"noopener\"><strong>dans les coulisses d&rsquo;un groupe de KPOP<\/strong><\/a><\/li>\n<\/ul>\n<p>[\/et_pb_text][\/et_pb_column][\/et_pb_row][et_pb_row use_custom_gutter=\u00a0\u00bbon\u00a0\u00bb gutter_width=\u00a0\u00bb3&Prime; make_equal=\u00a0\u00bbon\u00a0\u00bb _builder_version=\u00a0\u00bb4.27.2&Prime; _module_preset=\u00a0\u00bbdefault\u00a0\u00bb custom_padding=\u00a0\u00bb0px||||false|false\u00a0\u00bb locked=\u00a0\u00bboff\u00a0\u00bb global_colors_info=\u00a0\u00bb{}\u00a0\u00bb][et_pb_column type=\u00a0\u00bb4_4&Prime; _builder_version=\u00a0\u00bb4.22.0&Prime; _module_preset=\u00a0\u00bbfe0cc43a-b598-451f-aca4-00edffd80d91&Prime; global_colors_info=\u00a0\u00bb{}\u00a0\u00bb][et_pb_heading title=\u00a0\u00bbLes tribunes\u00a0\u00bb _builder_version=\u00a0\u00bb4.27.4&Prime; _module_preset=\u00a0\u00bb109f0316-079d-4beb-8de7-2cf908c37fd9&Prime; title_level=\u00a0\u00bbh3&Prime; global_colors_info=\u00a0\u00bb{}\u00a0\u00bb][\/et_pb_heading][et_pb_text _builder_version=\u00a0\u00bb4.27.4&Prime; _module_preset=\u00a0\u00bb93e45649-3835-4185-9b87-2853f824f705&Prime; width=\u00a0\u00bb80%\u00a0\u00bb module_alignment=\u00a0\u00bbcenter\u00a0\u00bb global_colors_info=\u00a0\u00bb{}\u00a0\u00bb]<\/p>\n<ul>\n<li>\u00ab\u00a0L\u2019investissement public dans l\u2019ing\u00e9nierie \u00e9cologique est un investissement d\u2019avenir\u00a0\u00bb\u00a0 <a href=\"https:\/\/www.lemonde.fr\/idees\/article\/2020\/09\/26\/l-investissement-public-dans-l-ingenierie-ecologique-est-un-investissement-d-avenir_6053695_3232.html\">Le Monde<\/a><\/li>\n<\/ul>\n<ul>\n<li>Nous en\u00a0 avons plus qu\u2019assez\u00a0: <a href=\"https:\/\/gauche-ecosocialiste.org\/nous-en-avons-plus-quassez\/\">Gauche Ecosocialiste<\/a><\/li>\n<\/ul>\n<p>[\/et_pb_text][\/et_pb_column][\/et_pb_row][\/et_pb_section]<\/p>\n","protected":false},"excerpt":{"rendered":"<p>Retrouvez ici toutes les mentions, les articles et les chroniques dans lesquelles l&rsquo;agence, sa fondatrice, ses collaborateurs ou collaboratrices sont cit\u00e9es. Lantou Onirina :\u00a0 cliquez ici Lors de la promotion du groupe de KPOP Big Ocean \u00e0 l&rsquo;INJS : ici D\u00e9couvrir son psychoportrait et se r\u00e9v\u00e9ler : cliquez ici Portrait du mois : cliquez l\u00e0\u00a0 [&hellip;]<\/p>\n","protected":false},"author":4,"featured_media":0,"parent":0,"menu_order":0,"comment_status":"closed","ping_status":"closed","template":"","meta":{"_acf_changed":false,"_et_pb_use_builder":"on","_et_pb_old_content":"","_et_gb_content_width":"","_exactmetrics_skip_tracking":false,"_exactmetrics_sitenote_active":false,"_exactmetrics_sitenote_note":"","_exactmetrics_sitenote_category":0,"footnotes":""},"folder":[],"class_list":["post-5423","page","type-page","status-publish","hentry"],"acf":[],"yoast_head":"<!-- This site is optimized with the Yoast SEO plugin v26.5 - https:\/\/yoast.com\/wordpress\/plugins\/seo\/ -->\n<title>Publications - MPC<\/title>\n<meta name=\"robots\" content=\"index, follow, max-snippet:-1, max-image-preview:large, max-video-preview:-1\" \/>\n<link rel=\"canonical\" href=\"https:\/\/mp-c.eu\/agence\/publications\/\" \/>\n<meta property=\"og:locale\" content=\"fr_FR\" \/>\n<meta property=\"og:type\" content=\"article\" \/>\n<meta property=\"og:title\" content=\"Publications - MPC\" \/>\n<meta property=\"og:description\" content=\"Retrouvez ici toutes les mentions, les articles et les chroniques dans lesquelles l&#039;agence, sa fondatrice, ses collaborateurs ou collaboratrices sont cit\u00e9es. Lantou Onirina :\u00a0 cliquez ici Lors de la promotion du groupe de KPOP Big Ocean \u00e0 l&#039;INJS : ici D\u00e9couvrir son psychoportrait et se r\u00e9v\u00e9ler : cliquez ici Portrait du mois : cliquez l\u00e0\u00a0 [&hellip;]\" \/>\n<meta property=\"og:url\" content=\"https:\/\/mp-c.eu\/agence\/publications\/\" \/>\n<meta property=\"og:site_name\" content=\"MPC\" \/>\n<meta property=\"article:publisher\" content=\"https:\/\/www.facebook.com\/agenceMPC\" \/>\n<meta property=\"article:modified_time\" content=\"2026-01-08T17:43:16+00:00\" \/>\n<meta name=\"twitter:card\" content=\"summary_large_image\" \/>\n<meta name=\"twitter:site\" content=\"@mapyntonga\" \/>\n<meta name=\"twitter:label1\" content=\"Dur\u00e9e de lecture estim\u00e9e\" \/>\n\t<meta name=\"twitter:data1\" content=\"2 minutes\" \/>\n<script type=\"application\/ld+json\" class=\"yoast-schema-graph\">{\"@context\":\"https:\/\/schema.org\",\"@graph\":[{\"@type\":\"WebPage\",\"@id\":\"https:\/\/mp-c.eu\/agence\/publications\/\",\"url\":\"https:\/\/mp-c.eu\/agence\/publications\/\",\"name\":\"Publications - MPC\",\"isPartOf\":{\"@id\":\"https:\/\/mp-c.eu\/agence\/#website\"},\"datePublished\":\"2024-12-08T01:02:04+00:00\",\"dateModified\":\"2026-01-08T17:43:16+00:00\",\"breadcrumb\":{\"@id\":\"https:\/\/mp-c.eu\/agence\/publications\/#breadcrumb\"},\"inLanguage\":\"fr-FR\",\"potentialAction\":[{\"@type\":\"ReadAction\",\"target\":[\"https:\/\/mp-c.eu\/agence\/publications\/\"]}]},{\"@type\":\"BreadcrumbList\",\"@id\":\"https:\/\/mp-c.eu\/agence\/publications\/#breadcrumb\",\"itemListElement\":[{\"@type\":\"ListItem\",\"position\":1,\"name\":\"Accueil\",\"item\":\"https:\/\/mp-c.eu\/agence\/\"},{\"@type\":\"ListItem\",\"position\":2,\"name\":\"Publications\"}]},{\"@type\":\"WebSite\",\"@id\":\"https:\/\/mp-c.eu\/agence\/#website\",\"url\":\"https:\/\/mp-c.eu\/agence\/\",\"name\":\"MPC\",\"description\":\"Media Presse Communication - Marie-Pierre Medouga Ngikessi\",\"publisher\":{\"@id\":\"https:\/\/mp-c.eu\/agence\/#organization\"},\"potentialAction\":[{\"@type\":\"SearchAction\",\"target\":{\"@type\":\"EntryPoint\",\"urlTemplate\":\"https:\/\/mp-c.eu\/agence\/?s={search_term_string}\"},\"query-input\":{\"@type\":\"PropertyValueSpecification\",\"valueRequired\":true,\"valueName\":\"search_term_string\"}}],\"inLanguage\":\"fr-FR\"},{\"@type\":\"Organization\",\"@id\":\"https:\/\/mp-c.eu\/agence\/#organization\",\"name\":\"Media Presse & Communication\",\"url\":\"https:\/\/mp-c.eu\/agence\/\",\"logo\":{\"@type\":\"ImageObject\",\"inLanguage\":\"fr-FR\",\"@id\":\"https:\/\/mp-c.eu\/agence\/#\/schema\/logo\/image\/\",\"url\":\"https:\/\/mp-c.eu\/agence\/wp-content\/uploads\/2024\/09\/logo-MPC-HD-1.jpg\",\"contentUrl\":\"https:\/\/mp-c.eu\/agence\/wp-content\/uploads\/2024\/09\/logo-MPC-HD-1.jpg\",\"width\":680,\"height\":434,\"caption\":\"Media Presse & Communication\"},\"image\":{\"@id\":\"https:\/\/mp-c.eu\/agence\/#\/schema\/logo\/image\/\"},\"sameAs\":[\"https:\/\/www.facebook.com\/agenceMPC\",\"https:\/\/x.com\/mapyntonga\",\"https:\/\/www.linkedin.com\/in\/marie-pierre-medouga-ndjikessi-6b2a7645\"]}]}<\/script>\n<!-- \/ Yoast SEO plugin. -->","yoast_head_json":{"title":"Publications - MPC","robots":{"index":"index","follow":"follow","max-snippet":"max-snippet:-1","max-image-preview":"max-image-preview:large","max-video-preview":"max-video-preview:-1"},"canonical":"https:\/\/mp-c.eu\/agence\/publications\/","og_locale":"fr_FR","og_type":"article","og_title":"Publications - MPC","og_description":"Retrouvez ici toutes les mentions, les articles et les chroniques dans lesquelles l'agence, sa fondatrice, ses collaborateurs ou collaboratrices sont cit\u00e9es. Lantou Onirina :\u00a0 cliquez ici Lors de la promotion du groupe de KPOP Big Ocean \u00e0 l'INJS : ici D\u00e9couvrir son psychoportrait et se r\u00e9v\u00e9ler : cliquez ici Portrait du mois : cliquez l\u00e0\u00a0 [&hellip;]","og_url":"https:\/\/mp-c.eu\/agence\/publications\/","og_site_name":"MPC","article_publisher":"https:\/\/www.facebook.com\/agenceMPC","article_modified_time":"2026-01-08T17:43:16+00:00","twitter_card":"summary_large_image","twitter_site":"@mapyntonga","twitter_misc":{"Dur\u00e9e de lecture estim\u00e9e":"2 minutes"},"schema":{"@context":"https:\/\/schema.org","@graph":[{"@type":"WebPage","@id":"https:\/\/mp-c.eu\/agence\/publications\/","url":"https:\/\/mp-c.eu\/agence\/publications\/","name":"Publications - MPC","isPartOf":{"@id":"https:\/\/mp-c.eu\/agence\/#website"},"datePublished":"2024-12-08T01:02:04+00:00","dateModified":"2026-01-08T17:43:16+00:00","breadcrumb":{"@id":"https:\/\/mp-c.eu\/agence\/publications\/#breadcrumb"},"inLanguage":"fr-FR","potentialAction":[{"@type":"ReadAction","target":["https:\/\/mp-c.eu\/agence\/publications\/"]}]},{"@type":"BreadcrumbList","@id":"https:\/\/mp-c.eu\/agence\/publications\/#breadcrumb","itemListElement":[{"@type":"ListItem","position":1,"name":"Accueil","item":"https:\/\/mp-c.eu\/agence\/"},{"@type":"ListItem","position":2,"name":"Publications"}]},{"@type":"WebSite","@id":"https:\/\/mp-c.eu\/agence\/#website","url":"https:\/\/mp-c.eu\/agence\/","name":"MPC","description":"Media Presse Communication - Marie-Pierre Medouga Ngikessi","publisher":{"@id":"https:\/\/mp-c.eu\/agence\/#organization"},"potentialAction":[{"@type":"SearchAction","target":{"@type":"EntryPoint","urlTemplate":"https:\/\/mp-c.eu\/agence\/?s={search_term_string}"},"query-input":{"@type":"PropertyValueSpecification","valueRequired":true,"valueName":"search_term_string"}}],"inLanguage":"fr-FR"},{"@type":"Organization","@id":"https:\/\/mp-c.eu\/agence\/#organization","name":"Media Presse & Communication","url":"https:\/\/mp-c.eu\/agence\/","logo":{"@type":"ImageObject","inLanguage":"fr-FR","@id":"https:\/\/mp-c.eu\/agence\/#\/schema\/logo\/image\/","url":"https:\/\/mp-c.eu\/agence\/wp-content\/uploads\/2024\/09\/logo-MPC-HD-1.jpg","contentUrl":"https:\/\/mp-c.eu\/agence\/wp-content\/uploads\/2024\/09\/logo-MPC-HD-1.jpg","width":680,"height":434,"caption":"Media Presse & Communication"},"image":{"@id":"https:\/\/mp-c.eu\/agence\/#\/schema\/logo\/image\/"},"sameAs":["https:\/\/www.facebook.com\/agenceMPC","https:\/\/x.com\/mapyntonga","https:\/\/www.linkedin.com\/in\/marie-pierre-medouga-ndjikessi-6b2a7645"]}]}},"_links":{"self":[{"href":"https:\/\/mp-c.eu\/agence\/wp-json\/wp\/v2\/pages\/5423","targetHints":{"allow":["GET"]}}],"collection":[{"href":"https:\/\/mp-c.eu\/agence\/wp-json\/wp\/v2\/pages"}],"about":[{"href":"https:\/\/mp-c.eu\/agence\/wp-json\/wp\/v2\/types\/page"}],"author":[{"embeddable":true,"href":"https:\/\/mp-c.eu\/agence\/wp-json\/wp\/v2\/users\/4"}],"replies":[{"embeddable":true,"href":"https:\/\/mp-c.eu\/agence\/wp-json\/wp\/v2\/comments?post=5423"}],"version-history":[{"count":8,"href":"https:\/\/mp-c.eu\/agence\/wp-json\/wp\/v2\/pages\/5423\/revisions"}],"predecessor-version":[{"id":6989,"href":"https:\/\/mp-c.eu\/agence\/wp-json\/wp\/v2\/pages\/5423\/revisions\/6989"}],"wp:attachment":[{"href":"https:\/\/mp-c.eu\/agence\/wp-json\/wp\/v2\/media?parent=5423"}],"wp:term":[{"taxonomy":"folder","embeddable":true,"href":"https:\/\/mp-c.eu\/agence\/wp-json\/wp\/v2\/folder?post=5423"}],"curies":[{"name":"wp","href":"https:\/\/api.w.org\/{rel}","templated":true}]}}